 Suppose 3*g - 2 = -5, -n - o*g + 32 = 0. What is the tens digit of n?
3
Let y(k) = -k**2 + 2*k + 4. Let s be y(3). Suppose 2*o = s + 3. Suppose -b - 3*h = -11 - 33, -o*b - 4*h = -84. What is the tens digit of b?
3
Let c be (-23 + -2)*(1 - -20). Let i be (12/7)/((-10)/c). Suppose m - 6*m + i = 0. What is the tens digit of m?
1
Suppose 22*i - 20*i = 34. Let b = -14 + i. Let l(a) = -a**3 + 3*a**2 + 4*a - 10. What is the units digit of l(b)?
2
Let f be 50*(-4)/(-16)*2. What is the units digit of (-2 - f)*(-4 - -1)?
1
Let w be 20/8*((-4)/(-10) - 0). What is the hundreds digit of (-12)/(4/w) - (-318)/1?
3
Suppose 3*m = 27*i - 32*i + 1389, -3*m - 4*i = -1389. What is the hundreds digit of m?
4
What is the units digit of 1/(12/2145) + 44/176?
9
Suppose 3*f = -0*f - 3. Let p = 3 + f. Suppose 0*x + p*x = 70. What is the units digit of x?
5
Suppose 2*o + 11 - 43 = 0. Let b = o + -10. Suppose -m + 5 = -b. What is the units digit of m?
1
Let d(v) = v. Let t(f) = 3*f - 2. Let s(n) = 2*d(n) + t(n). Let a be s(1). Suppose a*c - 75 = 9. What is the tens digit of c?
2
Suppose -2166 = -15*n + 2574. What is the hundreds digit of n?
3
Suppose -7*o = -o - 36. Suppose 0 = 3*c - 0*c - o. What is the tens digit of (c/(-4))/(2/(-116))?
2
Suppose -121*t + 131*t - 24320 = 0. What is the hundreds digit of t?
4
Let t(i) = 18*i - 18*i**3 - 4*i + 1 - i**2 - 11*i - 7*i. What is the hundreds digit of t(-2)?
1
Let t = 23 + -23. Let h be (-10 - 2) + t/(-1). Let n(r) = r**3 + 12*r**2 - 3*r + 11. What is the tens digit of n(h)?
4
Let g(b) = -198*b - 448. What is the hundreds digit of g(-18)?
1
Let q(j) = -j**3 + 11*j**2 + 12*j + 13. Let y = 14 + -2. What is the units digit of q(y)?
3
Suppose 0 = -2*p + 5*v + 986 - 106, -4*p + 1760 = 4*v. What is the hundreds digit of p?
4
Let r = 96 + 42. Suppose -2*d - 2*k = 66, -2*k + r = 4*d - 8*d. Let x = -23 - d. What is the units digit of x?
1
Let i(b) = 65*b - 256. What is the units digit of i(59)?
9
Let g = 9 - 33. Let d be -2*1/(-2)*48. What is the tens digit of (18/g)/((-2)/d)?
1
Let k(f) = 198*f - 292. What is the tens digit of k(10)?
8
Suppose 0 = -g - 5*v + 363, 3*g - 2*v = v + 1035. What is the units digit of g?
8
Suppose 0 = -4*f - 2*s + 26, -4*f + 4*s + 6 = -2. Suppose -205 = -10*m + f*m. Suppose -3*c + 2*a = -2*c - m, -3*c + a = -118. What is the tens digit of c?
3
Let a(j) = -92*j - 52. Let i(n) = -37*n - 21. Let v(f) = 5*a(f) - 12*i(f). What is the tens digit of v(-4)?
5
Let y(p) = -p**2 + 7*p - 1. Let z be y(6). Let c(m) = m. Let r(n) = -n**2 + n - 12. Let x(o) = -5*c(o) - r(o). What is the units digit of x(z)?
7
Suppose -3*n = -0 - 6. Suppose -n*w + 2*l + 2 = 0, 0 = 4*w - 5*w + 3*l + 3. Suppose w = -6*q + 3*q + 24. What is the units digit of q?
8
Let i = -38 - -21. Let c = -12 - i. Suppose 0*f - f + c*v - 6 = 0, -3*v - 14 = -5*f. What is the units digit of f?
4
Suppose 1152 = 4*a + x - 2892, 2*x - 3033 = -3*a. What is the tens digit of a?
1
Suppose 0 = -2*k - 17 - 29. Let p = -18 - k. Suppose -3*f - f + 123 = p*t, 0 = 4*f - 4*t - 96. What is the units digit of f?
7
Let o = 133 - 78. Suppose -4*x = -o - 109. What is the tens digit of x?
4
Suppose s + 7*s = -104. Let n be -1 - 31 - (-1 + 2). Let r = s - n. What is the units digit of r?
0
Let o(w) = 60*w + 1099. What is the units digit of o(84)?
9
Let x = 69 + -67. Suppose -x*f + 3*f - 5 = 0. What is the units digit of f?
5
Suppose 0 = -6*b + 970 + 590. What is the units digit of b?
0
Let u(j) = 5*j + 47. Let d be u(-9). Suppose 4*l = -d*l + 30. What is the units digit of l?
5
Suppose -5*y = 3*s - 18760, 4*s = 7*s. What is the tens digit of y?
5
Let l = -126 + 221. Suppose -3*g - l = -4*g. What is the units digit of g?
5
Suppose 5*x - 3*b - 387 = 0, -3*b + 105 = 4*x - 183. What is the tens digit of x?
7
Suppose -7*y + 3463 = 733. Suppose 0 = -3*t - 2*t + y. What is the tens digit of t?
7
Suppose -30*a + 36029 = -10711. What is the tens digit of a?
5
Suppose -3*u = -2*l + 1126, 4*l + 2*u = -79 + 2347. What is the units digit of l?
6
Suppose 0 = 3*s + 5*w - 1294, 5*w - 681 = -2*s + 180. What is the tens digit of s?
3
Suppose 2*a + 5*l = 5*a - 43, 10 = -2*l. Suppose -a*z + 5*z + 2 = 0. Suppose 2*f - 76 = -w, -z*w + 145 = -2*f - f. What is the tens digit of w?
7
Suppose 3*p + 22941 = 5*f, -2*p = 3*p + 10. What is the tens digit of f?
8
Let b(i) = i**2 + 2*i + 6. Let m be b(-5). Suppose 4*s - 1 = -m. Let n = s - -14. What is the units digit of n?
9
Let k(l) be the first derivative of l**3 - 7*l**2/2 + l - 11. What is the tens digit of k(-5)?
1
Let k(v) = 2*v**3 + 2*v**2 - 14*v + 18. What is the thousands digit of k(8)?
1
Let v(f) = f**2 + 6*f + 10. Let d be (-45)/12 + 3/(-12). Let u be v(d). Suppose 3*z + 3*y - 48 = 0, -6*z + u*z - y = -49. What is the tens digit of z?
1
Let l(q) = -q**2 + 22*q - 35. Let j be l(20). Suppose j*w - 613 = -3*g + 2, -w - 5*g = -101. What is the units digit of w?
6
What is the tens digit of 245038/374 - 2/11?
5
Let y(b) = 7 - 3*b**2 - 72*b**3 - 21 + 70*b**3 - 10*b. What is the units digit of y(-2)?
0
Let l(x) be the first derivative of x**4 - x**3 - x**2/2 + 2*x - 5. Let a be l(2). Suppose -5*c - b = -2*c - 38, -2*b = 2*c - a. What is the tens digit of c?
1
Suppose z = -z + n, 5*n + 11 = -z. Let p be 4/(16/12)*z. What is the units digit of (-98)/p - (-18)/54?
3
Suppose -o - 44878 = -20*o. What is the thousands digit of o?
2
Suppose 2*r + 0*r - 4 = 2*w, -w - 1 = -2*r. What is the units digit of (-63)/(-21) - (r/(-1) - 0)?
2
Suppose 28*t = 32*t + 532. Let o = 99 - t. What is the units digit of o?
2
Let f be 3 - 2/2 - -14. Suppose -i + f - 2 = 0. Suppose 16 = -2*p - 5*x, x = 5*p - i - 0. What is the units digit of p?
2
Let x be 872/10 - (-2)/20*-2. Suppose 4*y + 2*u = 3*y + 94, -y + 5*u = -x. What is the units digit of y?
2
Let r be (-18)/(-99) - (-4)/(-22). Suppose r = -5*n + 8 + 657. What is the tens digit of n?
3
Suppose 2*y = 7*y - 95. Let z be (30 + 0)*(18/15)/3. Let t = y - z. What is the units digit of t?
7
What is the units digit of (-43784)/(-36) + -4 + (-102)/(-27)?
6
Let n(r) = 2*r - 14. Let x = -17 + 24. Let d be n(x). Suppose 2*g + 5*u - 69 = d, -3*g + 5*g + 3*u = 79. What is the units digit of g?
7
Suppose 4*y + 2*r - 6 = 0, -4*y + 0*y = -r + 3. Suppose 0 = 5*s - 3 + 18, -2*s = j + 2. What is the tens digit of (y - j)/((-1)/7)?
2
What is the units digit of (-474)/(-8) - (-22)/(-88)?
9
Let j(k) = 18*k**3 + 3*k**2 - k - 1. What is the hundreds digit of j(3)?
5
Suppose 0 = -42*o + 53*o - 3146. What is the units digit of o?
6
Let k be 4 + -3*296/(-12). Suppose 21 = -2*h + 5*q - 31, -2*q + k = -3*h. What is the units digit of 466/13 - 4/h?
6
Suppose -7 = -4*h + 13. Suppose 3*k + 18 = 6*o - 4*o, 3*o - h = -k. What is the units digit of (o/(-2))/(15/(-30))?
3
Let n be (-8)/(-2) - 1/(3/9). What is the tens digit of 2/(4/410) + n + 0?
0
Let t be 2/(-9) + (168/27 - 3). Suppose -i + t*b = 2*b - 162, -3*i + 498 = 3*b. What is the hundreds digit of i?
1
Suppose 6*x + 16 = 5*x. What is the units digit of (323/76)/((-2)/x)?
4
Let a(f) = -f**3 - 7*f**2 - 5*f + 17. Let o = -18 + 22. Let q be (o + -11)/(2 + -1). What is the units digit of a(q)?
2
Let w = -45 + 47. Let f = w + 49. What is the units digit of f?
1
Let g be (-6)/4*12/(-9). Suppose 192 = g*x + 2*x. What is the units digit of x?
8
Suppose 4 = -4*r - 5*f, 32 = 4*r - 0*f - 4*f. Suppose 5*i - 6 = 4. Suppose t - 15 = 5*z, -i*z + 3*z = -r*t + 39. What is the units digit of t?
0
What is the hundreds digit of (-8)/(-36) - (-13972)/63?
2
Let s(u) = u**3 - 17*u**2 + 62*u - 31. What is the thousands digit of s(18)?
1
Let q(c) = 2*c + 1 + 6 + 5*c + 8*c**2 + c**3. Let d be q(-7). Let g = d - 6. What is the units digit of g?
1
Suppose 6*z = 7*z + 101. Let i = -56 - z. What is the tens digit of i?
4
What is the units digit of 5/(-10)*(2 + -1356)?
7
Let z(c) = -c**3 + 14*c**2 - 16*c - 10. Let n be z(12). Suppose -4*o + 344 = -0*o - 5*i, -o = -4*i - n. What is the units digit of o?
6
Let c(i) = -3*i + 33. Let o be c(11). Suppose 0*t = -3*u - 5*t + 242, o = 3*u + 4*t - 241. What is the units digit of u?
9
Let s = -5 - -10. Let k = 29 - 27. Suppose s*r = -2*o + 98, 0*o = k*o + 2*r - 98. What is the units digit of o?
9
Let n(d) = -1298*d + 169. What is the thousands digit of n(-2)?
2
Let t = 1577 + 723. What is the